git of 37099646?
9
What is the units digit of 963172939?
9
What is the tens digit of 133122936?
3
What is the units digit of 4189908670?
0
What is the hundred millions digit of 301634221?
3
What is the ten thousands digit of 308858290?
5
What is the hundred millions digit of 1376890291?
3
What is the tens digit of 36553551?
5
What is the hundreds digit of 944070521?
5
What is the tens digit of 1777685504?
0
What is the thousands digit of 145666266?
6
What is the millions digit of 46493505?
6
What is the units digit of 371062781?
1
What is the hundred thousands digit of 4907042147?
0
What is the tens digit of 1634596?
9
What is the hundreds digit of 6143169?
1
What is the thousands digit of 264891254?
1
What is the tens digit of 62507511?
1
What is the hundred millions digit of 143693863?
1
What is the ten thousands digit of 98942953?
4
What is the hundreds digit of 8394567?
5
What is the millions digit of 56841656?
6
What is the millions digit of 46373352?
6
What is the units digit of 65000488?
8
What is the tens digit of 49020319?
1
What is the ten millions digit of 268157533?
6
What is the ten millions digit of 2405352727?
0
What is the ten thousands digit of 588041756?
4
What is the hundred thousands digit of 468299635?
2
What is the tens digit of 13333208?
0
What is the tens digit of 180950673?
7
What is the tens digit of 909751756?
5
What is the ten millions digit of 14030040?
1
What is the tens digit of 207434027?
2
What is the hundred thousands digit of 91656548?
6
What is the units digit of 29000691?
1
What is the hundred millions digit of 152628463?
1
What is the thousands digit of 3928803549?
3
What is the millions digit of 355598116?
5
What is the ten thousands digit of 504645310?
4
What is the ten millions digit of 934339477?
3
What is the hundred millions digit of 2674633813?
6
What is the ten thousands digit of 475872667?
7
What is the hundreds digit of 157156048?
0
What is the millions digit of 158364933?
8
What is the hundred millions digit of 2406751768?
4
What is the millions digit of 750295637?
0
What is the hundreds digit of 1279291?
2
What is the thousands digit of 107585977?
5
What is the tens digit of 3692488?
8
What is the ten thousands digit of 92172155?
7
What is the billions digit of 3050109782?
3
What is the ten thousands digit of 1545052756?
5
What is the ten thousands digit of 3343057791?
5
What is the thousands digit of 168196641?
6
What is the hundred millions digit of 6593623372?
5
What is the hundreds digit of 74613816?
8
What is the hundreds digit of 17021823?
8
What is the hundred thousands digit of 14460935?
4
What is the thousands digit of 164224077?
4
What is the hundreds digit of 426978937?
9
What is the hundred millions digit of 319727642?
3
What is the tens digit of 1407175336?
3
What is the millions digit of 1405913042?
5
What is the ten thousands digit of 198315110?
1
What is the hundreds digit of 23571108?
1
What is the units digit of 41927732?
2
What is the millions digit of 617197106?
7
What is the hundreds digit of 206661933?
9
What is the hundreds digit of 5613062313?
3
What is the ten millions digit of 1744045916?
4
What is the millions digit of 112890611?
2
What is the hundred thousands digit of 8654112099?
1
What is the thousands digit of 142395584?
5
What is the tens digit of 30150388?
8
What is the thousands digit of 7221424?
1
What is the units digit of 7893546929?
9
What is the thousands digit of 2216530945?
0
What is the millions digit of 124867909?
4
What is the hundred thousands digit of 4726478526?
4
What is the hundred millions digit of 935740614?
9
What is the thousands digit of 2660618082?
8
What is the units digit of 2120023230?
0
What is the hundred thousands digit of 1656149965?
1
What is the ten thousands digit of 192479203?
7
What is the ten millions digit of 4172841423?
7
What is the thousands digit of 15998170?
8
What is the hundreds digit of 3518395270?
2
What is the units digit of 112715076?
6
What is the ten millions digit of 57455279?
5
What is the tens digit of 551750686?
8
What is the hundred millions digit of 392171586?
3
What is the hundreds digit of 37320711?
7
What is the ten thousands digit of 46633882?
3
What is the millions digit of 776196548?
6
What is the units digit of 2085888250?
0
What is the hundreds digit of 3371907712?
7
What is the ten thousands digit of 124287258?
8
What is the thousands digit of 48833647?
3
What is the thousands digit of 64360711?
0
What is the hundred thousands digit of 98147435?
1
What is the hundred thousands digit of 1362009483?
0
What is the hundreds digit of 21605830?
8
What is the units digit of 96476794?
4
What is the ten millions digit of 903533685?
0
What is the units digit of 3731068249?
9
What is the units digit of 16114855?
5
What is the tens digit of 283025087?
8
What is the ten thousands digit of 364474405?
7
What is the thousands digit of 347862219?
2
What is the thousands digit of 12092591?
2
What is the millions digit of 7548717?
7
What is the millions digit of 139977642?
9
What is the millions digit of 336326622?
6
What is the hundreds digit of 684856?
8
What is the ten millions digit of 814090302?
1
What is the ten millions digit of 924783263?
2
What is the tens digit of 3704362736?
3
What is the tens digit of 50204593?
9
What is the ten millions digit of 104703719?
0
What is the thousands digit of 664843060?
3
What is the units digit of 28514208?
8
What is the hundreds digit of 418398805?
8
What is the ten millions digit of 26552846?
2
What is the millions digit of 104973349?
4
What is the hundred thousands digit of 635780097?
7
What is the thousands digit of 73085168?
5
What is the units digit of 71667601?
1
What is the millions digit of 80867278?
0
What is the millions digit of 3349338452?
9
What is the millions digit of 391306066?
1
What is the ten thousands digit of 345045750?
4
What is the ten thousands digit of 39048801?
4
What is the tens digit of 71143441?
4
What is the units digit of 2288362502?
2
What is the ten thousands digit of 2682075860?
7
What is the units digit of 3972766?
6
What is the ten thousands digit of 1982996846?
9
What is the millions digit of 41050810?
1
What is the ten thousands digit of 84250472?
5
What is the units digit of 15363233?
3
What is the hundred thousands digit of 94077950?
0
What is the ten millions digit of 109257039?
0
What is the hundred millions digit of 642421269?
6
What is the units digit of 736271950?
0
What is the hundreds digit of 446430525?
5
What is the tens digit of 15282971?
7
What is the ten millions digit of 1353399098?
5
What is the thousands digit of 11847264?
7
What is the ten millions digit of 53750665?
5
What is the hundred thousands digit of 2738174468?
1
What is the units digit of 23701168?
8
What is the tens digit of 1296536195?
9
What is the ten thousands digit of 4256617517?
1
What is the thousands digit of 1176436441?
6
What is the tens digit of 18801888?
8
What is the billions digit of 1326104845?
1
What is the units digit of 70609131?
1
What is the ten millions digit of 24482591?
2
What is the ten millions digit of 1977463152?
7
What is the tens digit of 44161121?
2
What is the hundred millions digit of 248177361?
2
What is the hundreds digit of 317982798?
7
What is the hundred thousands digit of 133752336?
7
What is the hundreds digit of 885644603?
6
What is the thousands digit of 704891511?
1
What is the millions digit of 1603962606?
3
What is the thousands digit of 1185981374?
1
What is the hundreds digit of 189086418?
4
What is the tens digit of 54862766?
6
What is the hundreds digit of 48859271?
2
What is the ten thousands digit of 1453094304?
9
What is the ten millions digit of 10100952?
1
What is the units digit of 1274809?
9
What is the hundred thousands digit of 716204105?
2
What is the ten thousands digit of 1535548616?
4
What is the hundreds digit of 348003583?
5
What is the hundred millions digit of 804737243?
8
What is the hundred thousands digit of 34609481?
6
What is the thousands digit of 1545439785?
9
What is the ten thousands digit of 2780488546?
8
What is the hundred thousands digit of 217783921?
7
What is the tens digit of 160255131?
3
What is the hundred millions digit of 3818080964?
8
What is the units digit of 26219870